. List the prime factors of p(-23).
2, 1033
Let v be 9/12 + 36/16. Suppose -z = -12 + v. Suppose -3*y = -z, 0 = 5*c + y - 748 + 30. What are the prime factors of c?
11, 13
Suppose 1009481 = -91*c + 4916839. List the prime factors of c.
2, 7, 3067
Let z = 46427 - 26477. List the prime factors of z.
2, 3, 5, 7, 19
Let w be 20*(370/25)/1. Suppose 2*h - w = -z, 0 = -2*z - 3*z - h + 1516. What are the prime factors of z?
2, 19
Let p(s) = -182*s - 24. Let o(k) = -182*k - 25. Let b(a) = 2*o(a) - 3*p(a). What are the prime factors of b(2)?
2, 193
Let b be 2143 + ((-1)/(-2) - 1)*2. Suppose 766 - 46 = 5*j. List the prime factors of b/j + (-2)/(-16).
3, 5
Let n = 417 + -189. Let m = n + 156. What are the prime factors of m?
2, 3
Suppose -54 = 9*u - 360. Let q = 4 + u. Let x = q - -110. What are the prime factors of x?
2, 37
Suppose 0 = 5*v + 5*f - 67680, 12593 = 2*v + 3*f - 14484. What are the prime factors of v?
7, 1933
Let r be 5046576/204 - 2/17. What are the prime factors of (-4)/10 - r/(-95)?
2, 5, 13
Suppose -14172 = 4*s + 5112. List the prime factors of s/(-13) - (-2 + 96/52).
7, 53
Suppose 0 = -10*d + 25*d + d - 390128. What are the prime factors of d?
37, 659
Let a = -557 - -19036. What are the prime factors of a?
17, 1087
Suppose 0 = 20*b - 18*b - 22. Suppose -5*d = -c + 32, 20 = 4*c + 4*d - 12. Suppose c*x - 112 = b*x. List the prime factors of x.
2, 7
Suppose -8*r = -14*r - 1212. Let g = -114 - r. What are the prime factors of g?
2, 11
Suppose o = -5*h, -5*h + h = o. Suppose c - 114 = -4*t, o = -5*t - 9*c + 5*c + 148. List the prime factors of t.
2, 7
Let w = 84 - 84. Suppose 16*d - 14*d - 1222 = w. What are the prime factors of (d/(-26))/((-1)/2)?
47
List the prime factors of -202*(-33 - 1/(1/4))*1.
2, 37, 101
Let i = -136 - -88. Let p = i - -50. Suppose -b - p*b + 291 = 0. What are the prime factors of b?
97
Let k = 1938 - 83. Let p = k - 1129. What are the prime factors of p?
2, 3, 11
List the prime factors of (-7 + -1)/((-84)/68880).
2, 5, 41
Let s = -13 - -17. Suppose -12 = s*h - 44. List the prime factors of 89 + ((-12)/h)/(3/4).
3, 29
Let t be 6 + (180/5)/(-6). Suppose t*s = 7*s - 511. List the prime factors of s.
73
Let l be 3 + 7*275 + -1. Suppose -3*u - 5338 = -3*h + 467, -l = -h + 3*u. What are the prime factors of (-8)/14 + h/49?
3, 13
Let g be -2 + 386 + 11 + -7. Suppose -568 = -2*o + g. List the prime factors of o.
2, 239
Let j(i) = i**3 + 37*i**2 + 88*i - 59. What are the prime factors of j(-28)?
3, 1511
Let i = 252 - -651. What are the prime factors of (-29)/(i/182 + -5)?
2, 13, 29
Let k(z) = 3*z + 6. Let j be k(-1). What are the prime factors of (29/2)/(j - (-5)/(-2))?
29
What are the prime factors of (-29 + 931 + -52)*3*(-1)/(-2)?
3, 5, 17
Suppose -3574 - 2506 = 8*q. What are the prime factors of (-12)/(-18) - (q/12 - -1)?
3, 7
Let l = -58313 - -97007. What are the prime factors of l?
2, 3, 6449
Let x(p) = 3*p**2 - 66*p + 1718. What are the prime factors of x(55)?
13, 19, 29
Let g(j) = 30*j**2 + 21*j. Let f be g(-4). Let n = 884 - f. List the prime factors of n.
2, 61
Let q = -17 + 21. Suppose -q*k + 79 = -65. List the prime factors of (k/15)/(8/20).
2, 3
Suppose d + 240 = 5*d. Suppose -1056 = -d*s + 64*s. Let u = -116 - s. List the prime factors of u.
2, 37
Let g = 195 - 285. Let u be (g/(-5 - -3))/(6/4). List the prime factors of 1*(-7)/((-21)/u).
2, 5
Let i = 28 + -19. Suppose i = 3*j - 3. Suppose 2*t + t - 165 = -3*h, 0 = 2*t + j*h - 108. List the prime factors of t.
2, 7
Suppose -3*l + 3502 + 2594 = 3*c, 6112 = 3*c - 5*l. What are the prime factors of c?
2, 3, 113
Suppose 99*b - 668086 - 955393 + 12749 = 0. What are the prime factors of b?
2, 5, 1627
Suppose t - 164 = -4*t - 2*y, 3*y + 43 = t. Suppose -3*f = -20 - t. List the prime factors of ((-12)/f)/((-2)/372).
2, 31
Suppose 19 + 1 = 10*h. Let w(u) = 30*u**3 + 3*u**2 + u - 5. Let k be w(h). Let y = 478 - k. What are the prime factors of y?
229
Let x = -85 + 88. Suppose 0 = x*u - 5*m - 1474, 2*m = -5*u + 2110 + 357. List the prime factors of u.
17, 29
Suppose 0 = 4*d - 5*d - 53. Let h = 57 + d. Suppose -2*i = -3*r - 8, -h*r + 1 = -i - 0. What are the prime factors of i?
7
Suppose -1 = -5*d - i, 6*i = 5*d + 2*i - 21. Let n(m) = 192*m**3 + m**2 - 1. List the prime factors of n(d).
2, 3
Suppose -2*k + 4*m - 8 = 0, -7 = 2*k + 5*m + 1. Let y(d) be the second derivative of d**3/6 + 9*d**2 + 3*d. List the prime factors of y(k).
2, 7
Suppose -5*a + 8 = -w, 5*w = -2*a - 3*a + 20. Let d be w/5 - 96/(-60). Suppose -33 = -d*m + 3*h + 138, m = 5*h + 82. List the prime factors of m.
3, 29
Let o(c) be the second derivative of -37*c**3/6 - 17*c**2/2 + c. Let r = 7908 + -7914. What are the prime factors of o(r)?
5, 41
Suppose -128*z = -130*z + 26568. What are the prime factors of 6 - 29/((-261)/z)?
2, 3, 13, 19
Let t(p) = -p + 42. Let b = -6 + 11. Suppose -3*d = 3*z + 33, -b*d = -3*z + z + 76. List the prime factors of t(d).
2, 7
Let z(l) = -l**3 - 2*l + 120. Let a be z(0). Let y = 64 + a. Let s = 267 - y. What are the prime factors of s?
83
Let l(x) = 19 + 20 + 18*x**2 - 5*x - 42. What are the prime factors of l(-4)?
5, 61
Suppose g + 3*z - 6005 = 0, 120*z + 28 = 124*z. List the prime factors of g.
2, 11, 17
Let d(j) = 3*j**2 + 33*j - 2. Let l be d(-11). Let y be (-6)/18 - l/6. Suppose -13*a + 16*a - 423 = y. What are the prime factors of a?
3, 47
Let u be ((-12)/20 + 3/5)/1. Suppose 0 = 4*n + 4*v - 1868, -v + 938 = 2*n - u*n. What are the prime factors of n?
3, 157
Suppose -7*a - 21617 = -3*x - 3*a, 0 = -4*x + 2*a + 28836. What are the prime factors of x?
7211
Let s be 96/21 - (-27)/63. Suppose -1 = -2*w + s. Suppose -u + 41 = w*r, 4*r + 12 + 4 = 0. What are the prime factors of u?
53
Let p be (-9384)/(-144) - 2/12*1. Suppose 40 = 70*j - p*j. What are the prime factors of j?
2
Let d(i) = -3*i**2 - 32*i + 6. Let k(m) = -m**2 - 5*m - 1. Let t(a) = d(a) + 3*k(a). List the prime factors of t(-4).
5, 19
List the prime factors of 33/(-231) + (-8067)/(-21) - (-3 - 3).
2, 3, 5, 13
Let r be (2/3)/((-4)/(-30)). Suppose 48*x = 28051 + 11069. Suppose 3*q - 6*q = a - 479, 0 = -r*q - 5*a + x. List the prime factors of q.
2, 79
Let j(b) = -b + 6*b + 10*b + 21*b**3 - b - 13. What are the prime factors of j(3)?
2, 149
Let z = 4807 + 13125. What are the prime factors of z?
2, 4483
Suppose 3*s - 12 = 0, -1 = -5*f + 8*f - 4*s. Suppose 9*h - 31 - f = 0. Suppose -3*a + 619 = -2*d - 2*d, 0 = h*d - 8. What are the prime factors of a?
11, 19
Suppose 98882 + 126811 = 27*h. What are the prime factors of h?
13, 643
Suppose -97 = -5*w - 2. Suppose -5 - w = 12*k. What are the prime factors of (-592)/8*(1 - (2 - k))?
2, 3, 37
Suppose -76*b + 119*b - 541671 = 0. What are the prime factors of b?
3, 13, 17, 19
Let s = 1626 - 366. List the prime factors of ((-247)/(-26) + -9)/(1/s).
2, 3, 5, 7
Let t be (15/9 + 2)*(-1 + 4). Let c(p) = p**2 - 7*p - 26. Let w be c(t). Let x = w - -87. What are the prime factors of x?
3, 5, 7
Let v(j) = 530*j**2 + 177*j - 357. What are the prime factors of v(2)?
29, 73
Suppose -6*k + 8*k = 0. Let o(t) = -t**3 + 2*t**2 + 2*t + 238. List the prime factors of o(k).
2, 7, 17
Suppose -7*i + 23*i - 100352 = 0. List the prime factors of i.
2, 7
Let r = 773 + -591. Suppose -n - x + r + 417 = 0, -3*n + x + 1785 = 0. List the prime factors of n.
2, 149
Let d be (-5 + 0)/(-5) - (-4 + 2). Suppose s - 12 = -2*h, -2*h + 6 = d*s - 5*s. Suppose 6*f - f = 2*m + 1085, 1120 = 5*f + h*m. What are the prime factors of f?
3, 73
Let g(i) = 4*i**2 + i - 5. Let w be g(-4). Let b be 4 + (-17980)/(-250) - (-12)/150. Let y = b - w. What are the prime factors of y?
3, 7
Let x = -39 + 43. Suppose 2*r - 61 = -x*c + 27, 3*r + 36 = c. What are the prime factors of c?
2, 3
What are the prime factors of 1343 - ((-5 - 2) + 5)?
5, 269
List the prime factors of 12796/((-25)/(-10)*8/5).
7, 457
Let w be 2/15 - 43/(-15). Suppose w*c - 6*c + 5*l = -960, -3*c + 978 = l. What are the prime factors of c?
5, 13
Let o(u) = -35*u + 2962. Let y be o(0). Suppose -7*n = x - 4*n - 1472, 2*x - 3*n - y = 0. List the prime factors of x.
2, 739
Let r = -1499 + 3855. List the prime factors of r.
2, 19, 31
Let y = -192 - -193. Let f(w) = 129*w - 9. What are the prime factors of f(y)?
2, 3, 5
Let x(z) = z**3 + 6*z**2 - 2*z - 1. Suppose 0 = 